hen 2318 is divided by 41?
22
What is the remainder when 408 is divided by 21?
9
Calculate the remainder when 91 is divided by 33.
25
What is the remainder when 181 is divided by 52?
25
Calculate the remainder when 4834 is divided by 22.
16
What is the remainder when 2532 is divided by 94?
88
Calculate the remainder when 577 is divided by 52.
5
Calculate the remainder when 3501 is divided by 31.
29
What is the remainder when 7323 is divided by 7320?
3
Calculate the remainder when 71 is divided by 32.
7
Calculate the remainder when 396 is divided by 184.
28
What is the remainder when 227 is divided by 120?
107
Calculate the remainder when 54 is divided by 15.
9
Calculate the remainder when 284 is divided by 72.
68
What is the remainder when 1802 is divided by 145?
62
What is the remainder when 83 is divided by 6?
5
What is the remainder when 224 is divided by 6?
2
Calculate the remainder when 174 is divided by 45.
39
What is the remainder when 2396 is divided by 91?
30
What is the remainder when 103 is divided by 15?
13
Calculate the remainder when 1197 is divided by 109.
107
What is the remainder when 333 is divided by 42?
39
What is the remainder when 486 is divided by 79?
12
Calculate the remainder when 517 is divided by 29.
24
What is the remainder when 184 is divided by 103?
81
Calculate the remainder when 7570 is divided by 113.
112
What is the remainder when 109 is divided by 23?
17
Calculate the remainder when 739 is divided by 37.
36
What is the remainder when 61 is divided by 53?
8
Calculate the remainder when 642 is divided by 14.
12
Calculate the remainder when 723 is divided by 33.
30
What is the remainder when 2266 is divided by 27?
25
What is the remainder when 96 is divided by 55?
41
Calculate the remainder when 341 is divided by 162.
17
What is the remainder when 182 is divided by 47?
41
What is the remainder when 726 is divided by 13?
11
Calculate the remainder when 945 is divided by 86.
85
Calculate the remainder when 282 is divided by 73.
63
Calculate the remainder when 106 is divided by 37.
32
Calculate the remainder when 52 is divided by 11.
8
What is the remainder when 518 is divided by 65?
63
What is the remainder when 508 is divided by 166?
10
Calculate the remainder when 1678 is divided by 10.
8
Calculate the remainder when 23 is divided by 19.
4
Calculate the remainder when 703 is divided by 351.
1
What is the remainder when 53 is divided by 34?
19
Calculate the remainder when 906 is divided by 302.
0
Calculate the remainder when 29 is divided by 22.
7
What is the remainder when 50 is divided by 9?
5
What is the remainder when 2385 is divided by 197?
21
Calculate the remainder when 14171 is divided by 315.
311
Calculate the remainder when 172 is divided by 26.
16
What is the remainder when 2055 is divided by 128?
7
What is the remainder when 347 is divided by 168?
11
What is the remainder when 370 is divided by 359?
11
Calculate the remainder when 213 is divided by 57.
42
Calculate the remainder when 639 is divided by 6.
3
Calculate the remainder when 5217 is divided by 5.
2
Calculate the remainder when 66 is divided by 48.
18
Calculate the remainder when 139 is divided by 35.
34
What is the remainder when 347 is divided by 88?
83
Calculate the remainder when 949 is divided by 34.
31
What is the remainder when 113 is divided by 4?
1
Calculate the remainder when 65 is divided by 43.
22
What is the remainder when 1115 is divided by 221?
10
What is the remainder when 408 is divided by 404?
4
Calculate the remainder when 115 is divided by 13.
11
What is the remainder when 3883 is divided by 1292?
7
Calculate the remainder when 204 is divided by 54.
42
What is the remainder when 96 is divided by 27?
15
Calculate the remainder when 1217 is divided by 102.
95
Calculate the remainder when 394 is divided by 10.
4
Calculate the remainder when 254 is divided by 23.
1
What is the remainder when 718 is divided by 30?
28
What is the remainder when 22 is divided by 10?
2
Calculate the remainder when 28 is divided by 23.
5
What is the remainder when 92 is divided by 45?
2
What is the remainder when 455 is divided by 20?
15
Calculate the remainder when 422 is divided by 71.
67
What is the remainder when 2148 is divided by 9?
6
Calculate the remainder when 159 is divided by 25.
9
What is the remainder when 69 is divided by 35?
34
Calculate the remainder when 1041 is divided by 337.
30
Calculate the remainder when 235 is divided by 37.
13
What is the remainder when 135 is divided by 72?
63
Calculate the remainder when 118 is divided by 3.
1
Calculate the remainder when 68 is divided by 24.
20
What is the remainder when 663 is divided by 11?
3
Calculate the remainder when 194 is divided by 136.
58
Calculate the remainder when 1342 is divided by 79.
78
Calculate the remainder when 327 is divided by 56.
47
Calculate the remainder when 437 is divided by 49.
45
What is the remainder when 332 is divided by 5?
2
What is the remainder when 1847 is divided by 132?
131
What is the remainder when 218 is divided by 61?
35
What is the remainder when 2173 is divided by 1080?
13
What is the remainder when 1003 is divided by 246?
19
Calculate the remainder when 154 is divided by 37.
6
Calculate the remainder when 37 is divided by 25.
12
What is the remainder when 874 is divided by 55?
49
Calculate the remainder when 528 is divided by 107.
100
Calculate the remainder when 236 is divided by 20.
16
What is the remainder when 147 is divided by 50?
47
Calculate the remainder when 322 is divided by 65.
62
What is the remainder when 2228 is divided by 370?
8
Calculate the remainder when 58 is divided by 39.
19
Calculate the remainder when 1902 is divided by 92.
62
Calculate the remainder when 11112 is divided by 171.
168
What is the remainder when 647 is divided by 65?
62
Calculate the remainder when 191 is divided by 75.
41
What is the remainder when 226 is divided by 37?
4
Calculate the remainder when 298 is divided by 78.
64
Calculate the remainder when 228 is divided by 70.
18
Calculate the remainder when 8438 is divided by 384.
374
What is the remainder when 477 is divided by 164?
149
What is the remainder when 664 is divided by 74?
72
Calculate the remainder when 149 is divided by 31.
25
What is the remainder when 1645 is divided by 544?
13
What is the remainder when 931 is divided by 461?
9
Calculate the remainder when 2143 is divided by 19.
15
What is the remainder when 897 is divided by 25?
22
Calculate the remainder when 2391 is divided by 218.
211
Calculate the remainder when 84 is divided by 29.
26
Calculate the remainder when 19 is divided by 4.
3
What is the remainder when 121 is divided by 25?
21
Calculate the remainder when 636 is divided by 10.
6
What is the remainder when 381 is divided by 71?
26
What is the remainder when 13119 is divided by 18?
15
Calculate the remainder when 506 is divided by 491.
15
What is the remainder when 1117 is divided by 99?
28
Calculate the remainder when 62 is divided by 32.
30
What is the remainder when 801 is divided by 23?
19
What is the remainder when 12 is divided by 12?
0
What is the remainder when 5124 is divided by 271?
246
What is the remainder when 1252 is divided by 294?
76
What is the remainder when 226 is divided by 110?
6
What is the remainder when 322 is divided by 75?
22
Calculate the remainder when 30 is divided by 6.
0
Calculate the remainder when 386 is divided by 195.
191
What is the remainder when 230 is divided by 58?
56
Calculate the remainder when 518 is divided by 252.
14
Calculate the remainder when 1726 is divided by 350.
326
Calculate the remainder when 6719 is divided by 38.
31
What is the remainder when 572 is divided by 12?
8
Calculate the remainder when 8607 is divided by 7.
4
What is the remainder when 471 is divided by 126?
93
What is the remainder when 120 is divided by 26?
16
What is the remainder when 581 is divided by 97?
96
What is the remainder when 1861 is divided by 154?
13
Calculate the remainder when 231 is divided by 61.
48
What is the remainder when 1851 is divided by 53?
49
Calculate the remainder when 770 is divided by 227.
89
Calculate the remainder when 897 is divided by 3.
0
Calculate the remainder when 25 is divided by 8.
1
What is the remainder when 13 is